j + 107. What is p(4)?
-73
Let d(z) = 5*z**2 + 24*z + 103. Calculate d(-6).
139
Let r(k) = -k**3 + 14*k**2 + 58*k - 110. Determine r(17).
9
Let u(p) = 4*p**2 - 25*p - 84. Calculate u(-3).
27
Let q(u) = -u**3 - 32*u**2 + 46*u + 16. What is q(-34)?
764
Let y(z) = -8*z**2 + 84*z - 57. Calculate y(12).
-201
Let i(h) = h**2 - 21*h - 32. Give i(22).
-10
Let t(q) = 833*q - 832. What is t(1)?
1
Let j(r) = r + 253. Give j(-8).
245
Let k(o) = -o**3 - 24*o**2 - 109*o - 233. Determine k(-19).
33
Let x(j) = -j**2 + 48*j - 526. Determine x(27).
41
Let m(p) = -7*p**2 + 45*p + 165. Give m(-5).
-235
Let o(x) = -30*x**2 - 66*x - 10. What is o(-2)?
2
Let p(u) = 86*u**2 + 604*u + 10. Calculate p(-7).
-4
Let f(o) = 22*o - 1156. What is f(51)?
-34
Let m(s) = -s**3 - 17*s**2 - 3*s + 36. Calculate m(-17).
87
Let w(f) = -f**2 - 205*f + 2085. What is w(10)?
-65
Let t(u) = -7*u**3 - 4*u**2 - u + 7. Give t(3).
-221
Let w(n) = n**3 - 5*n**2 - 29*n + 45. Give w(10).
255
Let y(a) = a**3 + 109*a**2 + 402*a - 1897. What is y(-105)?
-7
Let w(l) = 2*l**2 - 64*l + 51. Determine w(32).
51
Let o(m) = 21*m - 800. Give o(47).
187
Let c(h) = -103*h**2 + 5*h + 4. What is c(-1)?
-104
Let h(p) = -533*p - 7980. Determine h(-15).
15
Let c(v) = -24*v - 260. What is c(-11)?
4
Let i(p) = p**2 + 49*p - 4518. What is i(-96)?
-6
Let r(l) = -13*l**3 + 11*l**2 + 26*l - 2. Give r(-2).
94
Let q(z) = -932*z - 17703. Give q(-19).
5
Let o(x) = -16*x**2 + 314*x + 101. Calculate o(20).
-19
Let z(j) = -192*j - 10751. What is z(-56)?
1
Let c(a) = -a**3 + 26*a**2 + 29*a - 91. What is c(27)?
-37
Let m(q) = 42*q + 290. What is m(-3)?
164
Let b(m) = 23*m**2 + 1056*m - 94. Give b(-46).
-2
Let t(l) = l**2 - 2076*l - 12489. What is t(-6)?
3
Let j(g) = g**3 - 40*g**2 + 208*g + 2. Determine j(6).
26
Let i(a) = -14*a - 279. Determine i(-7).
-181
Let u(q) = 14*q + 58. What is u(42)?
646
Let c(a) = a**2 + 5*a - 169. Give c(-15).
-19
Let k(p) = p**3 - 213*p**2 + 10*p - 2159. Calculate k(213).
-29
Let o(a) = -39*a + 4035. Give o(105).
-60
Let d(i) = -3*i**3 + 16*i**2 + 20*i + 1. Determine d(-1).
0
Let b(n) = 2*n**2 + 45*n + 274. What is b(-13)?
27
Let y(w) = -4*w + 54. Calculate y(12).
6
Let q(z) = -2*z**2 + 13*z + 13. Give q(-4).
-71
Let m(c) = 7*c**2 + 48*c + 4. Calculate m(-4).
-76
Let f(i) = i**3 + 70*i**2 - 191*i + 2044. What is f(-73)?
0
Let m(b) = b**2 + 75*b - 96. What is m(-76)?
-20
Let x(c) = -2*c**2 - 218*c - 674. Determine x(-106).
-38
Let i(r) = -2*r**3 - 47*r**2 - 21*r + 54. Calculate i(-23).
8
Let f(m) = -m**3 - 25*m**2 + 398*m + 73. Give f(-36).
1
Let y(p) = -7*p - 86. Calculate y(-13).
5
Let c(n) = -119*n - 1425. Give c(-12).
3
Let k(g) = -104*g - 12877. Calculate k(-122).
-189
Let y(t) = 62*t**2 + 20*t - 37. Give y(2).
251
Let t(m) = m**3 - 136*m**2 - m - 69. Calculate t(0).
-69
Let j(b) = 340*b + 1948. What is j(-6)?
-92
Let u(k) = k**2 + 26*k + 175. Give u(-24).
127
Let r(k) = 80*k + 44968. Determine r(-562).
8
Let o(w) = 525*w + 543. What is o(-1)?
18
Let l(d) = -422*d - 162. Determine l(-1).
260
Let t(k) = -172*k - 697. Determine t(-7).
507
Let l(h) = h**3 - 40*h**2 + 351*h - 420. Give l(28).
0
Let u(i) = 6*i**2 - 24*i + 23. Give u(1).
5
Let o(m) = -m**3 - 24*m**2 + 221*m + 5917. Give o(-18).
-5
Let j(a) = 80*a - 30. Calculate j(-4).
-350
Let g(p) = p**2 + 383*p + 14022. Determine g(-41).
0
Let n(f) = f**3 + 45*f**2 - 12*f - 543. Give n(-45).
-3
Let s(n) = 24*n - 63. Determine s(2).
-15
Let b(k) = 102*k + 8048. What is b(-78)?
92
Let p(j) = -6*j**2 - 181*j - 1367. Determine p(-15).
-2
Let f(b) = 470*b - 8984. Give f(19).
-54
Let q(d) = -d**3 + 22*d**2 - 62*d - 43. What is q(19)?
-138
Let y(v) = 7*v**2 + 14*v - 8. Calculate y(-7).
237
Let c(k) = -k**3 - 6*k**2 + 2*k + 13. Calculate c(-4).
-27
Let u(h) = -h**3 - 8*h**2 + 35*h - 153. Calculate u(-12).
3
Let q(l) = l**3 + 26*l**2 + 13*l + 65. What is q(-26)?
-273
Let l(j) = 133*j - 208. What is l(4)?
324
Let v(b) = 271*b - 20595. Determine v(76).
1
Let g(z) = 18*z**3 - z**2 - 6*z - 6. Determine g(-3).
-483
Let l(g) = g**3 + 9*g**2 - 35*g - 195. Calculate l(-11).
-52
Let z(h) = 4*h**2 + 361*h + 5260. Determine z(-72).
4
Let c(a) = 135*a - 10132. Give c(75).
-7
Let u(a) = 22*a - 752. Calculate u(34).
-4
Let u(i) = -6*i**3 + 3*i**2 - 6*i + 2. Determine u(4).
-358
Let r(z) = -z**2 + 1476*z - 57442. Determine r(40).
-2
Let d(k) = -386*k - 1622. What is d(-4)?
-78
Let c(n) = n**3 - 14*n**2 - 49*n + 1006. Calculate c(13).
200
Let r(t) = -20*t**2 - 84*t - 6. Calculate r(-4).
10
Let j(v) = v**3 + 36*v**2 + 79*v + 383. Determine j(-34).
9
Let t(b) = b**2 + 60*b - 184. Determine t(-63).
5
Let g(t) = 107*t - 3532. Determine g(33).
-1
Let g(i) = -74*i - 1698. Calculate g(-23).
4
Let a(z) = 206*z + 7. What is a(-2)?
-405
Let s(i) = i**3 - 261*i**2 + 8. Give s(0).
8
Let m(t) = -308*t + 34. Give m(1).
-274
Let q(f) = 4*f**2 + 244*f + 211. Give q(-61).
211
Let x(j) = -26*j + 242. Give x(12).
-70
Let m(t) = 27*t + 829. Determine m(-31).
-8
Let o(m) = -79*m**3 + 2*m**2 - 4*m + 3. Give o(1).
-78
Let j(d) = -20*d**2 + 47*d + 1. Give j(2).
15
Let y(q) = q**3 - 49*q**2 - 114*q + 620. Calculate y(51).
8
Let t(z) = -2*z**3 + 6*z**2 - 97*z + 423. Calculate t(4).
3
Let n(b) = b**3 - 5*b**2 - 39*b + 89. Determine n(8).
-31
Let x(q) = -24*q + 872. Give x(36).
8
Let s(i) = 4*i**2 + 43*i + 123. Calculate s(-4).
15
Let s(d) = -113*d - 3386. Determine s(-30).
4
Let v(w) = -w**2 - 2752*w + 19319. Give v(7).
6
Let w(i) = i**3 + 16*i**2 + 23*i - 25. Calculate w(-12).
275
Let l(g) = 4*g**2 - 42*g + 33. Determine l(12).
105
Let s(f) = -35*f**2 - 132*f + 645. Give s(5).
-890
Let p(v) = 82*v - 6482. Determine p(79).
-4
Let s(a) = a**3 - 34*a**2 + 69*a + 46. Calculate s(32).
206
Let f(r) = 4*r + 57. Calculate f(-10).
17
Let q(o) = 14*o - 70. Determine q(17).
168
Let g(t) = -5*t**2 - 55*t + 108. Give g(-13).
-22
Let t(j) = -490*j + 18601. Calculate t(38).
-19
Let f(t) = -12*t**3 + t**2 + 31*t + 32. What is f(-1)?
14
Let i(d) = 48*d - 89. What is i(-4)?
-281
Let h(q) = -q**3 + q**2 - 14*q - 5. What is h(-2)?
35
Let y(a) = a**3 + 92*a**2 - 39*a - 3546. What is y(-92)?
42
Let t(h) = -46*h - 10. Determine t(2).
-102
Let v(j) = 23*j - 702. Give v(19).
-265
Let z(b) = b**3 - 16*b**2 - 10*b + 13. What is z(9)?
-644
Let y(t) = -38*t + 459. Calculate y(15).
-111
Let o(l) = -917*l - 11015. What is o(-12)?
-11
Let u(m) = -m**3 - 62*m**2 - 229*m + 164. Determine u(-58).
-10
Let j(g) = -g**2 + 33*g - 117. Calculate j(4).
-1
Let b(x) = -3*x**2 + 9*x - 12. Calculate b(-5).
-132
Let g(q) = 39*q**2 + 150*q - 1. What is g(-4)?
23
Let j(c) = -100*c**3 + 3*c**2 - 4*c. What is j(1)?
-101
Let g(y) = -y**2 + 98*y + 1361. Calculate g(-13).
-82
Let n(y) = -2*y**3 + 40*y**2 - 14*y + 260. Determine n(20).
-20
Let f(s) = 116*s + 2185. Determine f(-18).
97
Let m(v) = 6009*v + 9. What is m(0)?
9
Let n(p) = p**3 + 69*p**2 - 245*p - 12257. Give n(-70).
-7
Let c(a) = -a**2 - 16*a - 5. Calculate c(-11).
50
Let c(h) = 26*h - 65. Calculate c(3).
13
Let z(s) = -4551*s - 40966. Determine z(-9).
-7
Let g(y) = y**3 + 10*y**2 - 3*y + 23. What is g(-10)?
53
Let z(d) = -3*d**3 - 33*d**2 + 32*d - 46. Calculate z(-12).
2
Let d(p) = -385*p - 16543. Give d(-43).
12
Let y(j) = j**3 + 10*j**2 - 6*j - 56. Determine y(-10).
4
Let c(h) = 1284*h - 15398. Determine c(12).
10
Let y(u) = 33*u + 149. Determine y(-9).
-148
Let g(k) = k**3 - 11*k**2 + 21*k + 26. Determine g(6).
-28
Let u(a) = a**3 - 212*a**2 - 214*a + 194. What is u(213)?
-19
Let m(d) = -d**3 + 36*d**2 + 192*d - 1. Give m(-5).
64
Let k(u) = -2*u**3 - 13*u**2 + u - 156. Give k(-7).
-114
Let t(q) = -q**3 - 55*q**2 - 112*q - 96. Calculate t(-53).
222
Let x(a) = -3*a**3 - 34*a**2 - 26*a + 122. Calculate x(-10).
-18
Let c(t) = 28*t**2 - 425*t + 90. Give c(15).
15
Let a(q) = 61*q**3 + 17*q**2 + 29*q + 11. Give a(-1).
-62
Let j(l) = -l**3 + 48*l**2 - 131*l - 7. Calculate j(45).
173
Let i(x) = 2*x**3 - 89*x**2 - 134*x - 234. Calculate i(46).
-50
Let a(f) = -6*f**2 - 204*f + 5. Give a(-34).
5
Let n(u) = -20*u - 309. Calculate n(-15).
-9
Let b(r) = -24*r**2 + 55*r + 120. Calculate b(-2).
-86
Let k(u) = -u**3 + 9*u**2 + 75*u + 4. Determine k(-3).
-113
Let u(f) = 20*f**2 + 4. Calculate u(1).
24
Let r(q) = -q**3 - 29*q**2 - 27*q + 19. Determine r(-28).
-9
Let m(a) = -27*a - 351. Determine m(